hat is the tens digit of (-2192)/(-64) - (-2)/g?
3
Let i(t) be the second derivative of t**4/12 + 2*t**3 - 6*t**2 + 7*t. What is the units digit of i(-13)?
1
Let l = -996 + 1020. What is the units digit of l?
4
Let g = -42 + 22. Let x be (-4)/(-5)*g/(-8). What is the units digit of (-4)/x*(-27)/6?
9
Let r(b) = 6*b**2 - 2*b. Let l be r(3). Suppose 4*d + 116 = -4*w, d = 4*d + 6. Let x = l + w. What is the units digit of x?
1
Let i(m) = m**2 + 2*m + 20. Let l be i(-10). Suppose 7*f + 2*k = 2*f + l, f + k = 20. Suppose f = 3*y + j, 5*y = -0*j - 3*j + 40. What is the units digit of y?
5
Let h(f) = f**2 + 12*f - 20. Let p(u) = 2*u - 2. Let x be p(-7). Let k be h(x). Suppose -3*s - 106 = -8*s - c, 2*s + 2*c - k = 0. What is the tens digit of s?
2
Suppose -f - 2*y = -67, 288 = 4*f - 4*y + 8. Let j = f - 39. What is the tens digit of j?
3
Let x = -723 + 1253. What is the hundreds digit of x?
5
What is the tens digit of (1680/18 + -2)*6?
4
Let t(j) = j**2 - 13*j + 7. Let s be t(6). Suppose 4*a - 3*y + 47 + 17 = 0, -4*y = a + 35. Let f = a - s. What is the units digit of f?
6
Suppose t = 2*c - 0*c + 15, -2*c - 30 = -4*t. Suppose 129 = t*u - 21. Let o = u - 12. What is the units digit of o?
8
Let u = -82 + 122. Suppose 4*l - 4*m = u, -14 = -2*l + m + 10. Suppose 0 = 2*o - 0*o + 3*h - 19, 2*h - l = -2*o. What is the units digit of o?
2
Let r(d) = 8*d + 10. Let o be r(5). Suppose -i + o + 25 = 0. Let w = 118 - i. What is the tens digit of w?
4
Let k(c) = -c**2 - 25*c - 1. Let l be 4/(-6)*(-12)/(-8) - 11. What is the hundreds digit of k(l)?
1
Let s = 13 + -7. What is the tens digit of 28 - ((-14)/42)/((-2)/s)?
2
Let a(w) = w**3 + w**2 - 13*w - 9. What is the hundreds digit of a(10)?
9
Let j be 8/(3/2 - 1). Let b be (0 + -17)*(-2)/2. Let p = b + j. What is the tens digit of p?
3
Let l = 171 + -97. Suppose -2*o + 2552 = -60*o. Let y = l + o. What is the tens digit of y?
3
Suppose 5454 = 4*i + 2*w, 0 = 7*i - 12*i + 4*w + 6798. What is the tens digit of i?
6
Let c(i) = 467*i + 31. What is the hundreds digit of c(3)?
4
Let h be (4/(-6))/((-2)/6). Suppose -h = -2*j + 4, -l + 5*j + 30 = 0. What is the tens digit of l?
4
Suppose f + 0*f = 2*r - 251, -2*r + 3*f = -257. What is the hundreds digit of r?
1
Let s be 4/8 + 18/4. Suppose s*i - 34 = -14. Let t(x) = -x**3 + 7*x**2 + 4*x - 8. What is the units digit of t(i)?
6
Let w(x) = -x**2 - 15*x - 41. Let q = 101 + -112. What is the units digit of w(q)?
3
Suppose q + 6*f - 2*f - 834 = 0, 4*f = 5*q - 4098. What is the tens digit of q?
2
Let u(t) = t**2 + 9*t - 12. Let l(j) = -3*j**3 + 2*j**2 + 2*j + 1. Let v be l(-1). Suppose -8 - v = f. What is the tens digit of u(f)?
2
Let n be (-2 + 1)/((-13)/1079). Let q = n + -33. What is the tens digit of (4/8)/(1/q)?
2
Let w be 2/(14/3 + -4). Let v(d) = -d**2 - 13*d - 10. Let r be v(-12). Suppose w*t = -r*g + 76, -4*t = g - 2*t - 38. What is the tens digit of g?
3
Let d = 3312 - 2430. What is the tens digit of d?
8
Suppose -h + 5*h = -176. Let b = h - 14. Let y = b + 95. What is the units digit of y?
7
Suppose 0 = -2*p + 3*l - 62, -2*l + 1 = -7. Let x = p + 44. What is the units digit of x?
9
Let c(g) = -g + 8. Let l be c(-5). Suppose 2*h = 28 - 2. Let t = l + h. What is the tens digit of t?
2
Suppose 5*z + y - 106 = 0, -2*z + 16 = -y - 25. Suppose 2*a + a - z = 4*x, -2*a - x = -3. Suppose -2*j + a = j. What is the units digit of j?
1
Suppose -3*r + 69 = 297. Let x = r - -187. What is the units digit of x?
1
Let w = -161 - -171. What is the tens digit of w?
1
What is the thousands digit of 33924/15 + (-48)/(-120)?
2
Let f(i) be the third derivative of i**5/60 - i**4/12 - 13*i**3/6 + i**2. What is the units digit of f(9)?
0
Let o be 1/4 - (-10)/(-40). Suppose 6*z + 0*z - 1608 = o. What is the units digit of z?
8
Suppose -5*o + 6*n - 4*n + 33 = 0, -4*o + 23 = -5*n. Suppose o = -a + 4*h, -2*h = -10 + 2. Suppose -z = -a - 4. What is the units digit of z?
3
Let p(f) = 219*f**2 - 5*f + 4. What is the tens digit of p(3)?
6
Let p(t) = 9*t + 11*t - 13*t + 10 + 0*t**2 + t**2. Let r be p(-6). Suppose -38 = -6*i + r*i. What is the units digit of i?
9
Let b(x) = 189*x**2 + 44*x + 207. What is the units digit of b(-4)?
5
Suppose 2 = 2*s + 4*i, 0*s - 2*s + 3*i + 23 = 0. Suppose -3*p - c + 5*c = -36, 3*p + 5*c - 9 = 0. Suppose p*q - 43 = s*q. What is the units digit of q?
3
Let d(t) = 1127*t**2 - 8*t - 2. What is the thousands digit of d(1)?
1
Suppose -5388 - 4733 = -29*p. What is the hundreds digit of p?
3
Suppose 31*s - 5043 = 60212. What is the units digit of s?
5
Let c(z) be the third derivative of z**5/60 + 7*z**4/12 + 5*z**3/3 + 33*z**2. What is the units digit of c(8)?
6
Let c = -5 - -5. Let q be 2/(2/3 + c). Suppose q*b + 21 = -4*z + 167, -2*z + b = -68. What is the units digit of z?
5
Let l = -31 - -33. Suppose 4*d + 0*k = k + 105, -l*d + 5*k + 39 = 0. What is the units digit of d?
7
Let c(f) = -5*f**2 + 5*f. Let y be (-42)/10 - (-17)/85. Let w(j) = -4*j**2 + 5*j - 1. Let t(l) = y*w(l) + 3*c(l). What is the tens digit of t(6)?
1
Let u be -3 - (-131*2 + 3). Let g = -172 + u. What is the units digit of g?
4
What is the hundreds digit of 559*5 + 222 + -214?
8
Let f be 2 - (5 - (3 - -2)). Let w(j) = 45*j**2 - 8*j + 11. What is the units digit of w(f)?
5
Let g = 417 - 591. Let y = -40 - g. What is the hundreds digit of y?
1
Let o(z) = z**3 - z**2 - 2*z - 1. Suppose 3*k + 12 = -k. Let m be o(k). Let g = 44 + m. What is the tens digit of g?
1
Suppose 0 = 3*q - 142 - 92. Let z = 50 + q. What is the units digit of z?
8
Let f(l) = -l**2 - l - 2. Let i be f(0). What is the tens digit of 2/(i*(-5)/1175)?
3
Let k = -44 - -64. Suppose s = -s + k. What is the tens digit of s?
1
What is the tens digit of ((-50)/20)/(1/(-278))?
9
Let h(w) = 249*w - 64. What is the hundreds digit of h(5)?
1
Let g(j) = -j**2 - 15*j - 3. Let a be g(-10). Suppose -f = -3*c - 3*f - 73, 5*c + 5*f = -120. Let p = a + c. What is the units digit of p?
2
Let p(q) = 2*q + 42. Let z be p(-19). Suppose -3*y + 5*g + 230 = -38, -y + z*g + 94 = 0. What is the tens digit of y?
8
Let c = -64 - -45. Let q = -3 - c. What is the tens digit of q?
1
Suppose -10 = 5*y, 12*y = -3*k + 7*y + 2738. What is the units digit of k?
6
Let j(h) = 4*h**2 + 3*h + 1. Let m(u) = -u**2 - u + 2. Let n be m(0). Suppose n = -0*b - b. What is the units digit of j(b)?
1
Let k = -25 + 27. Suppose -k*a + 2*z = z + 149, a = 4*z - 85. Let r = a + 106. What is the tens digit of r?
3
What is the units digit of (594/(-45) - -4)*-1*185?
2
Suppose 0 = 4*a - a - 3. Let k(y) = -y**2 + 10*y - 12. Let n be k(9). What is the units digit of a*(3 + n + 6)?
6
Let r be (-12)/1 + -1 - -4. Let m = 3 + r. What is the tens digit of (-141)/m*4/2?
4
Let w(t) = 5*t + 11. Let u(n) = n. Let r(q) = 4*u(q) + w(q). What is the tens digit of r(7)?
7
Let r(t) = 154*t**2 - t + 2. Let z = -13 - -12. What is the hundreds digit of r(z)?
1
Let o(d) = 3570*d - 85. Let i(c) = -85*c + 2. Let k(m) = 85*i(m) + 2*o(m). Let f(w) = w. Let v(y) = -68*f(y) - k(y). What is the tens digit of v(1)?
1
Suppose -2*i + 196 = 8. Suppose 7*c - 585 = i. What is the tens digit of c?
9
Let i(w) = -7*w - 556. Let l be i(0). What is the units digit of (8/6)/2 - l/12?
7
Let u(g) = -51*g - 211. What is the hundreds digit of u(-19)?
7
Let c(z) = z**3 + 9*z**2 + 9*z + 3. Let k be c(-8). Let r = k + 10. Suppose -2*j = -4*y + 174, -4*y + r*j = -7*y + 111. What is the tens digit of y?
4
What is the hundreds digit of (-37800)/(-16) + 6/(-20)*-5?
3
Let i be -3 - 14/(-2) - -1. Suppose -n - 762 = -i*h, 4*h - 3*n = -31 + 634. What is the units digit of h?
3
Let j(y) = -5*y - 2. Let r be j(-1). Suppose -4*i + r*d + 50 = -37, -5*d + 135 = 5*i. Suppose -i - 17 = -f. What is the tens digit of f?
4
Let y = -9 - -11. Suppose -2*v - 2*v + 130 = y*n, 2*n + 68 = 2*v. What is the units digit of v?
3
Suppose 0 = 5*t + 4*c - 5310, 0 = 7*t - 4*t - 3*c - 3213. Suppose -t = -6*w - 238. What is the hundreds digit of w?
1
Let a(c) be the first derivative of c**4/4 - 3*c**3 - c**2/2 + 11*c + 2. Let j be a(9). What is the units digit of j/15 - 146/(-30)?
5
Suppose 3*k = 5*r + 229, -r + 324 = 4*k - 3*r. Suppose -8*h + k = -3*h - y, 2*h + y - 29 = 0. Let b = -10 + h. What is the units digit of b?
6
Let p = 519 - -549. Let r be (2/(-6))/((-4)/p). Suppos